inder when u is divided by 18?
11
Let d(r) = -75*r + 3. What is the remainder when 19 is divided by d(0)?
1
Suppose -14*x + 69 = 13. What is the remainder when x is divided by 6/(-4)*(0 - 2)?
1
Let m(i) = -i**2 + 9*i - 8. Let j = 8 + -5. What is the remainder when (-14)/(-1) - (j + 0) is divided by m(7)?
5
Suppose 4*m - 2*i - 11 = -1, -10 = -5*m + 5*i. Suppose -2*f - 3*k = -56, 2*f + 130 = 6*f - m*k. Calculate the remainder when 121 is divided by f.
28
Suppose 30*h = 452 + 238. Calculate the remainder when 206 is divided by h.
22
Let f = -24 - -45. Suppose 3*t + f = 78. What is the remainder when t is divided by 5?
4
Let f(i) = i**3 + 30*i**2 - 3*i - 67. Calculate the remainder when 84 is divided by f(-30).
15
Let s = 133 - 86. Let w(n) = 3*n**3 - 4*n**2 + 4. Let q be -3 + 3 + 1 + 1. Calculate the remainder when s is divided by w(q).
11
Suppose -2*z = 3*k - 130, 2*k + 128 = 5*k + z. Suppose 4*p - 2*d = -0*d + 36, 0 = 4*p - 4*d - 32. Let j = 32 - p. What is the remainder when k is divided by j?
20
Suppose o - 953 = -946. Let l(r) = r**3 + 8*r**2 + 9*r. Calculate the remainder when l(-6) is divided by o.
4
Suppose 4*a - 2*p = 296, 7*a = 2*a + 4*p + 370. Suppose 0*x + 20 = 4*x. Let s = x - -20. Calculate the remainder when a is divided by s.
24
Suppose 8*o = 12*o - 9204. What is the remainder when o is divided by 18?
15
Let t = -1156 - -1964. Calculate the remainder when t is divided by 45.
43
Calculate the remainder when 164 is divided by 4/(-10) + 0 + (-372)/(-30).
8
Let l(x) = x**2 - 5*x - 1. Let u(i) = -i**2 + 6*i. Let b(q) = -4*l(q) - 5*u(q). What is the remainder when b(15) is divided by 16?
15
Let r(s) = -4*s**2 - 2*s + 6. Let y be r(4). Let n = -45 - y. Suppose -3*g + 3*k + 0*k + 12 = 0, -2*g = -5*k + 4. What is the remainder when n is divided by g?
5
Suppose -3*h = -0*h. Suppose m - 5*l = h, 0*m = 5*m - 4*l - 63. Calculate the remainder when 43 is divided by m.
13
Suppose -3*p + 18 = 2*n - 62, -5*n + 250 = -5*p. What is the remainder when 173 is divided by n?
35
Let f(g) be the second derivative of 11*g**3/6 + g**2 - 8*g. Let b be f(-3). Let w = -21 - b. What is the remainder when w is divided by 4?
2
Let l be 1/(1/(-6)*2) - -3. Suppose -6*k + 14 + 406 = l. What is the remainder when k is divided by 24?
22
Suppose -2*l - 102 = -g, -197 - 357 = -5*g - l. Suppose 9*m = -m + g. Let o = -5 - -11. Calculate the remainder when m is divided by o.
5
Let z(f) = -2*f**2 - 26*f - 57. Calculate the remainder when 38 is divided by z(-6).
11
Suppose 2*j - 4 = -5*y - 2*j, y - 4 = -4*j. Suppose -32*i + 33*i - 51 = y. What is the remainder when i is divided by 27?
24
What is the remainder when 2012 is divided by -1*52*375/(-300)?
62
Let i = 81 - 35. What is the remainder when i is divided by 23?
0
Let v(k) = -k**3 - 8*k**2 - 9*k - 10. Let f be v(-7). Calculate the remainder when 318 is divided by 131/f - 7*(-12)/(-112).
30
Suppose 5*v - 173 - 67 = 0. Suppose k = -2*g + v, -5*k = 6*g - g - 235. Suppose h - 1 = k. Calculate the remainder when h is divided by 12.
11
Suppose 4*n + 2*m - 513 = -67, 0 = 5*n + 2*m - 559. What is the remainder when n is divided by 60?
53
Let s be (3/2 - 1)*6. Suppose -s*x - 35 = -8*x. Suppose -10*t = -277 + 7. What is the remainder when t is divided by x?
6
Suppose -2*a - 10 = 0, a = -2*u + 5*a + 96. Suppose 0 = 2*i - u - 42. Suppose 4*s - i = -s. Calculate the remainder when s is divided by 5.
3
What is the remainder when 63 is divided by (2/(-5))/((-20)/1600)?
31
Suppose -3*y + 31 = -44. Suppose 0*o - 14 = 2*o - 4*d, -3*d + 12 = -o. Suppose -7*w + 56 = -o*w. Calculate the remainder when y is divided by w.
11
Suppose 5*h = 3*l + 236, 4*h - 5*l - 190 = -2*l. Calculate the remainder when 56 is divided by h.
10
Suppose -6*a + 164 = 14. Calculate the remainder when a is divided by 20.
5
Suppose 374 = 9*b + 14. What is the remainder when b is divided by 12?
4
Let j(x) = x**2 + 8*x + 12. Let l be j(-7). Suppose -3*w = -2*u + 9, 11 = u + u - l*w. Suppose -204 = -3*o - u*o. What is the remainder when 66 is divided by o?
32
Let z be (-1561)/(-21) + 2/3. Let g = -2 + z. Calculate the remainder when g is divided by 15.
13
Let s = 12 + -10. Let q(u) = -2*u**3 - 28 + 53 + 3*u**3 - u**s. Calculate the remainder when q(0) is divided by 14.
11
Suppose 10*t = 374 + 326. Suppose -t = 7*n - 12*n. Calculate the remainder when n is divided by 9.
5
Let c(t) = -t**2 + 6*t + 14. Let f = 25 - 19. Calculate the remainder when 81 is divided by c(f).
11
Let l(j) = 14*j + 5. What is the remainder when l(3) is divided by 4/(-7)*98/(-4)?
5
Let j be 4/(-18) + 2366/117. Suppose -5*s + j = 5*l, 2*s = -0*l + l + 11. Calculate the remainder when 12 is divided by s.
2
Suppose -29*b + 192 + 388 = 0. Calculate the remainder when 110 is divided by b.
10
Suppose -2*b - 2*c + 2 = b, 0 = b - c + 6. Let u(a) = -34*a - 3. Let k be u(b). Suppose -p + 10 = -k. What is the remainder when p is divided by 19?
18
Suppose 15 = -0*y + 5*y. Suppose 4*f - 71 + y = 0. Suppose h + 3*p + f = 83, 0 = -3*p. What is the remainder when h is divided by 23?
20
Let z(k) = 15*k**2 + k + 1. Let r be 4 - 10*(-3)/(-6). What is the remainder when 59 is divided by z(r)?
14
What is the remainder when ((-318)/12 - 4)/(2/(-12)) is divided by 46?
45
Let f = 218 - 392. Let k = -110 - f. Calculate the remainder when k is divided by 22.
20
Suppose 0 = 5*v - q - 706, -6*v + 2*v = -5*q - 548. Calculate the remainder when v is divided by 8.
6
Let q = 80 - -15. Calculate the remainder when -2*1 + -11 + q is divided by 17.
14
Let z = 107 + -83. Let m(n) = 9*n - 1. What is the remainder when m(8) is divided by z?
23
Suppose 7*x + 31 = 339. Suppose s = -h + 15, 2*s = 5*s - 9. Calculate the remainder when x is divided by h.
8
Suppose 82 + 1006 = 8*q. Suppose 0 = 5*l - q - 144. Calculate the remainder when l is divided by 19.
18
Let b = -21 + 36. Suppose -8 = -11*x + 47. What is the remainder when b is divided by x?
0
Let i(w) = -w**2 + w + w + w**3 - 14*w**2 - 22 + 1. Suppose 2*j + m = 68 - 4, 0 = -5*m - 20. Calculate the remainder when j is divided by i(15).
7
Suppose -19*c - 21*c = -1760. What is the remainder when 123 is divided by c?
35
Let l = -94 - -158. What is the remainder when l is divided by 44/(-6)*(-45)/10?
31
Suppose 38 = 3*v - 2*q, -4*v - 7*q = -5*q - 74. Calculate the remainder when 43 is divided by v.
11
Let f = 431 + -413. What is the remainder when 45 is divided by f?
9
Let x be -2*((-615)/2)/(-3). Let t = x + 307. Suppose -4*f - t = -314. Calculate the remainder when f is divided by 14.
11
Let k(h) = 55*h**2 + h. Let a be 2 + 0 + 6/(-3). Let u(s) = -s**2 + s - 1. Let f be u(a). What is the remainder when k(f) is divided by 19?
16
Let t = 5 - -18. Suppose -29 - t = -4*y. Calculate the remainder when 74/(-1)*y/(-26) is divided by 10.
7
Calculate the remainder when 123 is divided by 6/75 - 348/(-25).
11
Let v(c) = -8*c**3 + c**2 - 11*c - 31. What is the remainder when v(-3) is divided by 65?
32
Suppose 4*n - 225 = -5*w + 323, n - 221 = -2*w. Suppose 897 = 5*r + w. Let h = r - 111. Calculate the remainder when h is divided by 12.
10
Let v(r) = r**2 - 2*r - 33. Suppose -20 - 20 = -5*j. Calculate the remainder when v(-7) is divided by j.
6
Let s(x) = -x**2 - 11*x + 46. Calculate the remainder when s(-11) is divided by 23.
0
Calculate the remainder when 46 is divided by 0 + (-7)/(-7) - (-23 - 1).
21
Suppose -3*q + 8 = -2*f + 7*f, 4 = -3*f - 4*q. Suppose f*o + 26 - 390 = 0. What is the remainder when o is divided by 32?
27
What is the remainder when 1441 is divided by (40/15)/(1*(-6)/(-171))?
73
Let r = 10 + 29. Let b = r + -36. Suppose 10 = b*g - 2*k + 3*k, 4*g = -3*k + 10. Calculate the remainder when g is divided by 4.
0
Suppose 263 + 307 = 5*m - 5*a, 8 = 2*a. Let z = -37 - -67. Calculate the remainder when m is divided by z.
28
Suppose 4*n + 0*c - 6 = -c, 4*n + 3*c - 2 = 0. Let g(p) = p**3 + 5*p**2 - 8*p - 7. Calculate the remainder when (1/n)/((-4)/(-136)) is divided by g(-6).
2
Let v = -1 - -55. Calculate the remainder when v is divided by 31.
23
Suppose -2*v + 69 = -3*r, -5*r - 4 + 117 = 3*v. What is the remainder when v is divided by (-327)/(-21) + 4 + (-3)/(-7)?
16
Suppose -3*y = 3*t - 177, 2*y + 177 = 5*y - 2*t. Let w = y - 16. Suppose -83 - w = -3*d. What is the remainder when d is di